 factors of h.
2, 3
Let p(l) = 2*l + 18. Let y be 24/(-6) + 1 + -5. Let v be p(y). What are the prime factors of (30/9)/(v/24)?
2, 5
Let q(p) = -5*p**2 - p**3 - p - 3 + 1 - 5. Let g be q(-5). What are the prime factors of (-5 - (g + 0)) + 44?
41
Suppose -w = -2*n + 3, 4*n + 2*w + 4 = -2. Suppose 0 = -f - m - 35 - 4, n = 5*f + m + 207. Let r = f + 79. What are the prime factors of r?
37
Let w(u) = -u**3 + 25*u**2 - 69*u + 35. List the prime factors of w(20).
5, 131
Let v(q) = q - 1. Let b(i) = 3*i**2 - 18*i + 15. Let n(o) = b(o) + 6*v(o). List the prime factors of n(12).
3, 11
Let n = 5236 - 1977. What are the prime factors of n?
3259
Suppose 3*x + 5*z - 1073 = 363, -1906 = -4*x + 2*z. Suppose 3*j - x = -0*j - 2*n, -n = 2*j - 318. What are the prime factors of j?
3, 53
What are the prime factors of ((-6117)/(-12))/((-18)/(-72))?
2039
Let v = 144 - 78. Let d = 50 + -28. Suppose -d - v = -4*z. What are the prime factors of z?
2, 11
What are the prime factors of (-1485)/(-27)*4/2?
2, 5, 11
Let y = -1114 - -2790. List the prime factors of y.
2, 419
Let i = 5 + 3. Let z(r) = -r**3 - 11*r**2 + 9*r + 8. Let b be z(-12). What are the prime factors of i + -11 + b/2?
19
Let o = 3 - 0. Let u(m) = 2 - 8 + 5*m - 4*m - m**3 + 6*m**2. List the prime factors of u(o).
2, 3
Let p(o) = -4*o**3 + 2*o + 1. Let b be p(-1). Suppose -g - b*a + 89 = a, a - 278 = -3*g. What are the prime factors of g?
3, 31
Let a(b) = -39*b + 1. Let p be a(2). Let g = -16 - p. List the prime factors of g.
61
Let x = 79 + 242. List the prime factors of x.
3, 107
Let h(k) = k + 4. Suppose -11*y - 40 = -6*y. Let o be 33/11*y/(-6). List the prime factors of h(o).
2
Let s = 196 - 105. What are the prime factors of s?
7, 13
Let r(h) = -7*h + 1. Let l be 15/2*6/(-5). List the prime factors of r(l).
2
Let y(h) = h**2 + 8*h - 7. Let p(s) = -s**3 - 14*s**2 - 12*s + 4. Let j be p(-13). Let m be y(j). Suppose -q = m*q - 63. List the prime factors of q.
3, 7
What are the prime factors of ((-51249)/(-21) - 5) + 27/(-63)?
5, 487
Suppose 6*d - 1133 = 3031. List the prime factors of d.
2, 347
Let c be ((-36)/(-16))/((-3)/(-4)). Suppose -i + 2*b = c, -2*b = i - 6*b + 13. What are the prime factors of i?
7
Suppose 0 = 5*r + 47*j - 44*j - 1505, -4*j = -20. What are the prime factors of r?
2, 149
Suppose -u + 19 + 17 = 0. Suppose -t + 6 = -m - 3, -2*t = 4*m + u. Let y = 66 + m. What are the prime factors of y?
3, 19
Let y be ((-90)/25 - -2)/(2/(-160)). Let h = -58 + y. List the prime factors of h.
2, 5, 7
Let f be (3 + 0)/(-6)*0. Suppose 5*i - 15 + f = 0. Suppose -r + i*r = 96. What are the prime factors of r?
2, 3
Let q = 37 + -24. Let u = q - -1. What are the prime factors of u?
2, 7
Let s be 0 + (1/1 - -1). Let u(r) = 2*r**3 - 2*r**2 + 1. List the prime factors of u(s).
3
Let x(i) = -i**2 - 3*i + 12. Let l be x(-7). Let d = 54 - l. List the prime factors of d.
2, 5, 7
Let f = -24 + 10. Let y = -22 - f. Let o(r) = r + 18. What are the prime factors of o(y)?
2, 5
Let f = 6958 - 4804. List the prime factors of f.
2, 3, 359
Suppose 2*o - 14*b - 6308 = -12*b, 3*b + 12621 = 4*o. What are the prime factors of o?
3, 13
Let k = -316 - -1681. List the prime factors of k.
3, 5, 7, 13
Suppose 5*g - 1383 + 188 = -4*p, -2 = 2*g. Suppose 0 = 2*m + m - p. List the prime factors of m.
2, 5
Let y = 5690 - 3259. What are the prime factors of y?
11, 13, 17
Suppose 4*h - 5*h + 131 = 0. Let g = h - 49. What are the prime factors of g?
2, 41
Let l(y) = y**2 - 2*y + 5. Let i be l(10). Suppose v - i = -4*v. Let t = v - -10. List the prime factors of t.
3
Suppose z - 228 = u + 793, -3*u - 1019 = -z. What are the prime factors of z?
2, 7, 73
Let b be (17/(-3))/((-4)/24). Suppose -4*w - 73 = -x, -3*x - 2*w = -157 - b. List the prime factors of x.
5, 13
List the prime factors of (25 + 3603)*(-2)/(-4).
2, 907
Let m(l) = 2*l + 104. Let a be m(0). Let y(f) = -7*f - 11. Let k be y(-2). Suppose k*c - a = c. What are the prime factors of c?
2, 13
Suppose 0 = 8*o - 15*o - 1169. Let i = o - -242. What are the prime factors of i?
3, 5
Suppose -1925 = -7*t + 875. What are the prime factors of t?
2, 5
Let w be 6/(-10)*(-13 - -3). Suppose -w = -2*k, d + 12 = 5*d + 4*k. What are the prime factors of 3 + d - (2 + -21)?
2, 11
Let s(w) = w**2 - 13*w + 3. Let r(u) be the second derivative of -u**4/12 - 3*u**3/2 + 2*u. Let q be r(-7). What are the prime factors of s(q)?
17
Suppose 4*s = -m + 810, -3*m + 366 + 440 = 4*s. What are the prime factors of s?
7, 29
Suppose 133 + 227 = 4*p. Let v = 226 - 90. Let s = v - p. List the prime factors of s.
2, 23
Suppose 4*s - 64 = -4*g, 0*s = 2*s + 5*g - 35. Suppose 0*n = 5*d + n - s, -n - 1 = -3*d. Let v = d - -33. List the prime factors of v.
5, 7
Let m(x) = x**2 - 7*x + 7. Let v be m(3). Let g(a) = -11*a + 9. What are the prime factors of g(v)?
2
Suppose 0 = -5*o + b + 17907, -6*o - b + 14322 = -2*o. List the prime factors of o.
3581
Let z(o) = 2*o**3 + 2*o**2 + 3*o - 2. Let x(h) = h**3 - h**2. Let i(t) = -3*x(t) + z(t). Let f be ((-1)/2)/((-10)/100). What are the prime factors of i(f)?
13
Let k(l) = 5*l - 15. Let h be k(6). List the prime factors of 78/h*(12 - 2).
2, 13
Suppose o = z - 4*o - 303, -5*o - 879 = -3*z. List the prime factors of z.
2, 3
Let i(r) = r**2 + 9*r + 11. Let l(o) = o**3 + 11*o**2 + 11*o + 2. Let d be l(-10). Let m be i(d). Suppose -79 + 13 = -m*h. List the prime factors of h.
2, 11
Suppose -5647 = -25*s + 23*s + 5*x, s - 2826 = 5*x. List the prime factors of s.
7, 13, 31
Suppose 0 = -4*n + 4*t + 14 + 14, -n = 2*t - 7. Suppose d + n = 5*u - d, 2*d = 3*u - 1. What are the prime factors of 3 - -24 - u - 3?
3, 7
Let d(u) = 6*u - 6. Let s = 40 + -34. List the prime factors of d(s).
2, 3, 5
Let z(t) = -46*t + 11. Let j be z(-5). Suppose -243*p = -j*p - 102. List the prime factors of p.
3, 17
List the prime factors of (89/4)/(13/520).
2, 5, 89
Suppose 0 = -3*g + 8*g - 90. Suppose -66 = -2*y - 2*v, 0 = -y - v - v + 37. Let k = y - g. List the prime factors of k.
11
Suppose j + 0*j = 4*c + 143, c + 2*j = -29. Suppose -139 = 3*h + q + 4*q, -49 = h + q. Let d = c - h. What are the prime factors of d?
2, 3
Let h = 1351 + -726. What are the prime factors of h?
5
Let t(b) = -b**3 - 2*b**2 + 2. Let d be t(-2). Let m be (0/(-1 - d))/2. Suppose -3*f + m*f = -78. What are the prime factors of f?
2, 13
Let c(a) = -a**2 - 4*a - 1. Let u be c(-5). Let t(w) = -5*w - 5. Let x be t(u). Suppose 0 = -s - 5, 5*y + 2*s - x = -3*s. What are the prime factors of y?
2, 5
Suppose -4*t - 4 = -z, -4*z - t = t + 2. Let v(o) = -6*o**2 - 3*o + z*o**3 - o**3 + 0*o**3 + 3 - 5*o. List the prime factors of v(-6).
3, 17
Let h = 351 + 459. Suppose 0 = 2*y + h - 326. What are the prime factors of y/(-8) - (-4)/(-16)?
2, 3, 5
Let r(d) = 349*d - 409. What are the prime factors of r(17)?
2, 1381
Let r(z) = -19*z + 9 + 22*z - 5 - z**2 + 7*z. Let a be 1/1*(10 - 1). List the prime factors of r(a).
13
Let n(p) = -144*p + 7. Let g be n(-1). Let u = g + -95. List the prime factors of u.
2, 7
Let q be (-8)/(-16)*0/1. Suppose 4*w - 88 = -4*n, q*w - 4*n = 5*w - 108. Let r = -11 + w. What are the prime factors of r?
3
Let f be (-3 - 0) + (-15)/(-3). Suppose h - f*h - 5*k = -75, 2*h - 120 = -4*k. Suppose -204 = -4*o - 4*m, 2*m + h + 44 = 2*o. List the prime factors of o.
7
Let u = 3 + 2. List the prime factors of ((-42)/5)/((-1)/u).
2, 3, 7
Suppose -2*z + 0*b + 3*b = -5125, 2*b = -3*z + 7655. What are the prime factors of z?
5, 7, 73
Suppose -k - 2 - 7 = 0. Let r be (1 - (-15)/k)*-24. Let t = r + -8. List the prime factors of t.
2
Suppose -73*x - 63548 + 208088 = 0. List the prime factors of x.
2, 3, 5, 11
Let s = 1344 + -844. Suppose 0 = -5*o - 50 + s. What are the prime factors of o?
2, 3, 5
What are the prime factors of 7*36/336 + 15221/4?
2, 11, 173
Let d = -334 + 3173. List the prime factors of d.
17, 167
Suppose 4*q + 5 = 1, 2*x + 240 = -4*q. Let f = x + 200. What are the prime factors of f?
2, 41
Let v = -1427 - -2824. What are the prime factors of v?
11, 127
Let t = 24 + 366. Suppose -4*h + t = 2*h. What are the prime factors of h?
5, 13
Let z(n) = -n**3 - 12*n**2 - 6*n - 44. What are the prime factors of z(-16)?
2, 269
Suppose 25 = 3*a - 50. What are the prime factors of (0 + a)/(1*(-1)/(-4))?
2, 5
List the prime factors of 6/(-9)